hen 1284 is divided by 92?
88
What is the remainder when 800 is divided by 234?
98
Calculate the remainder when 253 is divided by 200.
53
What is the remainder when 958 is divided by 80?
78
What is the remainder when 1124 is divided by 9?
8
What is the remainder when 1897 is divided by 210?
7
What is the remainder when 259 is divided by 10?
9
Calculate the remainder when 220 is divided by 79.
62
What is the remainder when 3757 is divided by 17?
0
Calculate the remainder when 726 is divided by 231.
33
Calculate the remainder when 2696 is divided by 208.
200
Calculate the remainder when 349 is divided by 130.
89
What is the remainder when 5615 is divided by 117?
116
What is the remainder when 179 is divided by 20?
19
Calculate the remainder when 71 is divided by 12.
11
Calculate the remainder when 580 is divided by 286.
8
Calculate the remainder when 897 is divided by 60.
57
What is the remainder when 5297 is divided by 221?
214
What is the remainder when 6295 is divided by 134?
131
What is the remainder when 982 is divided by 30?
22
Calculate the remainder when 191 is divided by 23.
7
Calculate the remainder when 1975 is divided by 9.
4
Calculate the remainder when 483 is divided by 22.
21
Calculate the remainder when 236 is divided by 83.
70
Calculate the remainder when 47 is divided by 26.
21
What is the remainder when 223 is divided by 8?
7
Calculate the remainder when 682 is divided by 226.
4
Calculate the remainder when 3488 is divided by 57.
11
What is the remainder when 398 is divided by 20?
18
Calculate the remainder when 70 is divided by 54.
16
What is the remainder when 31 is divided by 6?
1
What is the remainder when 272 is divided by 42?
20
Calculate the remainder when 49 is divided by 40.
9
Calculate the remainder when 320 is divided by 95.
35
Calculate the remainder when 347 is divided by 7.
4
Calculate the remainder when 314 is divided by 35.
34
What is the remainder when 315 is divided by 44?
7
What is the remainder when 59 is divided by 31?
28
Calculate the remainder when 104 is divided by 21.
20
Calculate the remainder when 102 is divided by 49.
4
Calculate the remainder when 161 is divided by 56.
49
What is the remainder when 462 is divided by 137?
51
What is the remainder when 68569 is divided by 19?
17
What is the remainder when 1403 is divided by 6?
5
What is the remainder when 499 is divided by 18?
13
Calculate the remainder when 38543 is divided by 24.
23
What is the remainder when 1230 is divided by 14?
12
Calculate the remainder when 354 is divided by 71.
70
Calculate the remainder when 122 is divided by 42.
38
Calculate the remainder when 97 is divided by 34.
29
What is the remainder when 367 is divided by 4?
3
What is the remainder when 257 is divided by 66?
59
What is the remainder when 447 is divided by 3?
0
Calculate the remainder when 243 is divided by 39.
9
What is the remainder when 521 is divided by 197?
127
What is the remainder when 361 is divided by 46?
39
What is the remainder when 1102 is divided by 228?
190
What is the remainder when 183 is divided by 60?
3
What is the remainder when 328 is divided by 51?
22
What is the remainder when 4143 is divided by 14?
13
Calculate the remainder when 244 is divided by 90.
64
What is the remainder when 1358 is divided by 112?
14
Calculate the remainder when 269 is divided by 51.
14
What is the remainder when 166 is divided by 34?
30
Calculate the remainder when 577 is divided by 58.
55
What is the remainder when 96 is divided by 54?
42
What is the remainder when 479 is divided by 13?
11
What is the remainder when 767 is divided by 328?
111
Calculate the remainder when 192 is divided by 5.
2
Calculate the remainder when 418 is divided by 24.
10
Calculate the remainder when 2123 is divided by 1058.
7
What is the remainder when 61 is divided by 51?
10
What is the remainder when 137 is divided by 27?
2
What is the remainder when 36 is divided by 8?
4
What is the remainder when 874 is divided by 87?
4
Calculate the remainder when 7821 is divided by 13.
8
Calculate the remainder when 343 is divided by 161.
21
Calculate the remainder when 411 is divided by 105.
96
Calculate the remainder when 208 is divided by 53.
49
What is the remainder when 460 is divided by 45?
10
What is the remainder when 214 is divided by 96?
22
Calculate the remainder when 363 is divided by 3.
0
What is the remainder when 4822 is divided by 72?
70
Calculate the remainder when 299 is divided by 91.
26
What is the remainder when 202 is divided by 53?
43
What is the remainder when 4669 is divided by 1164?
13
What is the remainder when 161 is divided by 9?
8
Calculate the remainder when 759 is divided by 19.
18
Calculate the remainder when 647 is divided by 13.
10
What is the remainder when 150 is divided by 17?
14
What is the remainder when 5003 is divided by 67?
45
What is the remainder when 971 is divided by 243?
242
Calculate the remainder when 180 is divided by 42.
12
Calculate the remainder when 51 is divided by 39.
12
Calculate the remainder when 4589 is divided by 45.
44
What is the remainder when 195 is divided by 49?
48
Calculate the remainder when 4338 is divided by 14.
12
What is the remainder when 1797 is divided by 30?
27
Calculate the remainder when 957 is divided by 232.
29
What is the remainder when 49 is divided by 45?
4
What is the remainder when 133 is divided by 17?
14
Calculate the remainder when 545 is divided by 26.
25
Calculate the remainder when 106 is divided by 53.
0
Calculate the remainder when 38 is divided by 37.
1
What is the remainder when 1888 is divided by 44?
40
What is the remainder when 320 is divided by 68?
48
What is the remainder when 12311 is divided by 114?
113
Calculate the remainder when 8499 is divided by 109.
106
Calculate the remainder when 490 is divided by 107.
62
What is the remainder when 50 is divided by 23?
4
Calculate the remainder when 2687 is divided by 16.
15
Calculate the remainder when 104 is divided by 22.
16
Calculate the remainder when 11 is divided by 3.
2
What is the remainder when 163 is divided by 16?
3
Calculate the remainder when 184 is divided by 27.
22
What is the remainder when 34913 is divided by 14?
11
What is the remainder when 141 is divided by 9?
6
Calculate the remainder when 34 is divided by 12.
10
What is the remainder when 375 is divided by 89?
19
What is the remainder when 154 is divided by 40?
34
What is the remainder when 175 is divided by 20?
15
Calculate the remainder when 33 is divided by 7.
5
Calculate the remainder when 1932 is divided by 44.
40
What is the remainder when 711 is divided by 48?
39
Calculate the remainder when 23 is divided by 10.
3
What is the remainder when 7786 is divided by 21?
16
Calculate the remainder when 31 is divided by 20.
11
What is the remainder when 44 is divided by 30?
14
Calculate the remainder when 832 is divided by 119.
118
What is the remainder when 140 is divided by 18?
14
Calculate the remainder when 84 is divided by 9.
3
Calculate the remainder when 534 is divided by 138.
120
Calculate the remainder when 14442 is divided by 21.
15
What is the remainder when 125 is divided by 56?
13
What is the remainder when 136 is divided by 69?
67
Calculate the remainder when 128 is divided by 33.
29
What is the remainder when 307 is divided by 35?
27
Calculate the remainder when 628 is divided by 18.
16
Calculate the remainder when 248 is divided by 240.
8
What is the remainder when 1653 is divided by 30?
3
What is the remainder when 1378 is divided by 18?
10
What is the remainder when 60 is divided by 21?
18
What is the remainder when 893 is divided by 41?
32
Calculate the remainder when 65 is divided by 14.
9
What is the remainder when 37 is divided by 1?
0
What is the remainder when 143 is divided by 121?
22
Calculate the remainder when 252 is divided by 50.
2
What is the remainder when 664 is divided by 122?
54
What is the remainder when 215 is divided by 65?
20
Calculate the remainder when 2409 is divided by 19.
15
What is the remainder when 148 is divided by 6?
4
What is the remainder when 1529 is divided by 108?
17
Calculate the remainder when 2241 is divided by 19.
18
What is the remainder when 6695 is divided by 124?
123
What is the remainder when 1175 is divided by 388?
11
Calcu